{"id":225,"date":"2016-11-02T22:56:43","date_gmt":"2016-11-02T22:56:43","guid":{"rendered":"http:\/\/apuroconta.pt\/?page_id=225"},"modified":"2019-09-22T02:06:25","modified_gmt":"2019-09-22T02:06:25","slug":"pricing","status":"publish","type":"page","link":"http:\/\/apuroconta.pt\/?page_id=225","title":{"rendered":"Pre\u00e7os"},"content":{"rendered":"<p><span style=\"font-size: 14pt;\"><img decoding=\"async\" loading=\"lazy\" class=\" wp-image-277 alignright\" src=\"http:\/\/apuroconta.pt\/wp-content\/uploads\/2016\/11\/1-300x128.jpg\" alt=\"1\" width=\"646\" height=\"276\" srcset=\"http:\/\/apuroconta.pt\/wp-content\/uploads\/2016\/11\/1-300x128.jpg 300w, http:\/\/apuroconta.pt\/wp-content\/uploads\/2016\/11\/1-768x327.jpg 768w, http:\/\/apuroconta.pt\/wp-content\/uploads\/2016\/11\/1-1024x436.jpg 1024w, http:\/\/apuroconta.pt\/wp-content\/uploads\/2016\/11\/1.jpg 1410w\" sizes=\"(max-width: 646px) 100vw, 646px\" \/><span style=\"font-size: 12pt;\">Procuramos ajustar as nossas condi\u00e7\u00f5es comerciais em fun\u00e7\u00e3o das necessidades dos nossos clientes.<\/span><\/span><br \/>\n<span style=\"font-size: 12pt;\"> Porque as empresas est\u00e3o em est\u00e1gios diferentes do seu ciclo de vida, ou porque necessitam de um servi\u00e7o mais completo e personalizado, disponibilizamos 3 solu\u00e7\u00f5es diferenciadas:<\/span><\/p>\n<ul>\n<li><span style=\"font-size: 12pt;\"><a href=\"http:\/\/apuroconta.pt\/?page_id=261\">ContaStartup<\/a><\/span><\/li>\n<li><span style=\"font-size: 12pt;\"><a href=\"http:\/\/apuroconta.pt\/?page_id=265\">ContaCl\u00e1ssico<\/a><\/span><\/li>\n<li><span style=\"font-size: 12pt;\"><a href=\"http:\/\/apuroconta.pt\/?page_id=270\">ContaPremium<\/a><\/span><\/li>\n<\/ul>\n<p>&nbsp;<\/p>\n","protected":false},"excerpt":{"rendered":"<p>Procuramos ajustar as nossas condi\u00e7\u00f5es comerciais em fun\u00e7\u00e3o das necessidades dos nossos clientes. Porque as empresas est\u00e3o em est\u00e1gios diferentes do seu ciclo de vida, ou porque necessitam de um servi\u00e7o mais completo e personalizado, disponibilizamos 3 solu\u00e7\u00f5es diferenciadas: ContaStartup&#8230; <a href=\"http:\/\/apuroconta.pt\/?page_id=225\" class=\"readmore\">Read more<span class=\"screen-reader-text\">Pre\u00e7os<\/span><span class=\"fa fa-angle-double-right\" aria-hidden=\"true\"><\/span><\/a><\/p>\n","protected":false},"author":1,"featured_media":0,"parent":0,"menu_order":4,"comment_status":"closed","ping_status":"closed","template":"","meta":[],"aioseo_notices":[],"_links":{"self":[{"href":"http:\/\/apuroconta.pt\/index.php?rest_route=\/wp\/v2\/pages\/225"}],"collection":[{"href":"http:\/\/apuroconta.pt\/index.php?rest_route=\/wp\/v2\/pages"}],"about":[{"href":"http:\/\/apuroconta.pt\/index.php?rest_route=\/wp\/v2\/types\/page"}],"author":[{"embeddable":true,"href":"http:\/\/apuroconta.pt\/index.php?rest_route=\/wp\/v2\/users\/1"}],"replies":[{"embeddable":true,"href":"http:\/\/apuroconta.pt\/index.php?rest_route=%2Fwp%2Fv2%2Fcomments&post=225"}],"version-history":[{"count":16,"href":"http:\/\/apuroconta.pt\/index.php?rest_route=\/wp\/v2\/pages\/225\/revisions"}],"predecessor-version":[{"id":341,"href":"http:\/\/apuroconta.pt\/index.php?rest_route=\/wp\/v2\/pages\/225\/revisions\/341"}],"wp:attachment":[{"href":"http:\/\/apuroconta.pt\/index.php?rest_route=%2Fwp%2Fv2%2Fmedia&parent=225"}],"curies":[{"name":"wp","href":"https:\/\/api.w.org\/{rel}","templated":true}]}}