{"id":288,"date":"2016-11-19T16:40:22","date_gmt":"2016-11-19T16:40:22","guid":{"rendered":"http:\/\/apuroconta.pt\/?page_id=288"},"modified":"2019-09-22T02:15:33","modified_gmt":"2019-09-22T02:15:33","slug":"pedido-de-cotacao","status":"publish","type":"page","link":"http:\/\/apuroconta.pt\/?page_id=288","title":{"rendered":"Pedido de cota\u00e7\u00e3o"},"content":{"rendered":"<p><span style=\"font-size: 14pt;\"><div class='content-column one_half'><div style=\"padding-right:20px;\"><\/span><\/p>\n<p><span style=\"font-size: 12pt;\">Caso pretenda uma cota\u00e7\u00e3o para os servi\u00e7os que prestamos, teremos todo o prazer em o facultar. Para o efeito necessitamos de resposta a algumas quest\u00f5es fundamentais para a defini\u00e7\u00e3o dos nossos pre\u00e7os, pelo que agradecemos o preenchimento do formul\u00e1rio seguinte:<\/span><\/p>\n<p>&nbsp;<\/p>\n<p><img decoding=\"async\" loading=\"lazy\" class=\"alignnone wp-image-305\" src=\"http:\/\/apuroconta.pt\/wp-content\/uploads\/2016\/11\/consultoria-01a-259x300.jpg\" alt=\"consultoria-01a\" width=\"527\" height=\"611\" srcset=\"http:\/\/apuroconta.pt\/wp-content\/uploads\/2016\/11\/consultoria-01a-259x300.jpg 259w, http:\/\/apuroconta.pt\/wp-content\/uploads\/2016\/11\/consultoria-01a-768x889.jpg 768w, http:\/\/apuroconta.pt\/wp-content\/uploads\/2016\/11\/consultoria-01a-885x1024.jpg 885w, http:\/\/apuroconta.pt\/wp-content\/uploads\/2016\/11\/consultoria-01a.jpg 1440w\" sizes=\"(max-width: 527px) 100vw, 527px\" \/><\/p><\/div><\/div><\/p>\n<div class='content-column one_half last_column'><div style=\"padding-right:0px;padding-left:20px;\">\n<div class=\"wpcf7 no-js\" id=\"wpcf7-f303-o1\" lang=\"pt-PT\" dir=\"ltr\">\n<div class=\"screen-reader-response\"><p role=\"status\" aria-live=\"polite\" aria-atomic=\"true\"><\/p> <ul><\/ul><\/div>\n<form action=\"\/index.php?rest_route=%2Fwp%2Fv2%2Fpages%2F288#wpcf7-f303-o1\" method=\"post\" class=\"wpcf7-form init\" aria-label=\"Formul\u00e1rio de contacto\" novalidate=\"novalidate\" data-status=\"init\">\n<div style=\"display: none;\">\n<input type=\"hidden\" name=\"_wpcf7\" value=\"303\" \/>\n<input type=\"hidden\" name=\"_wpcf7_version\" value=\"5.8.2\" \/>\n<input type=\"hidden\" name=\"_wpcf7_locale\" value=\"pt_PT\" \/>\n<input type=\"hidden\" name=\"_wpcf7_unit_tag\" value=\"wpcf7-f303-o1\" \/>\n<input type=\"hidden\" name=\"_wpcf7_container_post\" value=\"0\" \/>\n<input type=\"hidden\" name=\"_wpcf7_posted_data_hash\" value=\"\" \/>\n<\/div>\n<p><label> O seu nome (obrigat\u00f3rio)<br \/>\n<span class=\"wpcf7-form-control-wrap\" data-name=\"your-name\"><input size=\"40\" class=\"wpcf7-form-control wpcf7-text wpcf7-validates-as-required\" aria-required=\"true\" aria-invalid=\"false\" value=\"\" type=\"text\" name=\"your-name\" \/><\/span> <\/label>\n<\/p>\n<p><label> O seu email (obrigat\u00f3rio)<br \/>\n<span class=\"wpcf7-form-control-wrap\" data-name=\"your-email\"><input size=\"40\" class=\"wpcf7-form-control wpcf7-email wpcf7-validates-as-required wpcf7-text wpcf7-validates-as-email\" aria-required=\"true\" aria-invalid=\"false\" value=\"\" type=\"email\" name=\"your-email\" \/><\/span> <\/label>\n<\/p>\n<p><label> M\u00e9dia mensal ou n\u00ba estimado de faturas emitidas a clientes<br \/>\n<span class=\"wpcf7-form-control-wrap\" data-name=\"Mdiamensalounestimadodefaturasemitidasaclientes\"><input size=\"40\" class=\"wpcf7-form-control wpcf7-text\" aria-invalid=\"false\" value=\"\" type=\"text\" name=\"Mdiamensalounestimadodefaturasemitidasaclientes\" \/><\/span> <\/label>\n<\/p>\n<p><label> M\u00e9dia mensal ou n\u00ba estimado de faturas recebidas de fornecedores<br \/>\n<span class=\"wpcf7-form-control-wrap\" data-name=\"Mdiamensalounestimadodefaturasrecebidasdefornecedores\"><input size=\"40\" class=\"wpcf7-form-control wpcf7-text\" aria-invalid=\"false\" value=\"\" type=\"text\" name=\"Mdiamensalounestimadodefaturasrecebidasdefornecedores\" \/><\/span> <\/label>\n<\/p>\n<p><label> N\u00ba de funcion\u00e1rios<br \/>\n<span class=\"wpcf7-form-control-wrap\" data-name=\"Ndefuncionarios\"><input size=\"40\" class=\"wpcf7-form-control wpcf7-text\" aria-invalid=\"false\" value=\"\" type=\"text\" name=\"Ndefuncionarios\" \/><\/span> <\/label>\n<\/p>\n<p><label> Nome do respons\u00e1vel a contactar<br \/>\n<span class=\"wpcf7-form-control-wrap\" data-name=\"Nomedoresponsvelacontactar\"><input size=\"40\" class=\"wpcf7-form-control wpcf7-text\" aria-invalid=\"false\" value=\"\" type=\"text\" name=\"Nomedoresponsvelacontactar\" \/><\/span> <\/label>\n<\/p>\n<p><label> Contactos da pessoa respons\u00e1vel \u2013 telefone, email<br \/>\n<span class=\"wpcf7-form-control-wrap\" data-name=\"Contactosdapessoaresponsveltelefoneemail\"><input size=\"40\" class=\"wpcf7-form-control wpcf7-text\" aria-invalid=\"false\" value=\"\" type=\"text\" name=\"Contactosdapessoaresponsveltelefoneemail\" \/><\/span> <\/label>\n<\/p>\n<p>Caso necessitemos de esclarecimentos adicionais, tomaremos a liberdade de contactar a pessoa respons\u00e1vel.\n<\/p>\n<p><label> Obeserva\u00e7\u00f5es<br \/>\n<span class=\"wpcf7-form-control-wrap\" data-name=\"Observaes\"><textarea cols=\"40\" rows=\"10\" class=\"wpcf7-form-control wpcf7-textarea\" aria-invalid=\"false\" name=\"Observaes\"><\/textarea><\/span> <\/label>\n<\/p>\n<p><input class=\"wpcf7-form-control wpcf7-submit has-spinner\" type=\"submit\" value=\"Enviar\" \/>\n<\/p><p style=\"display: none !important;\"><label>&#916;<textarea name=\"_wpcf7_ak_hp_textarea\" cols=\"45\" rows=\"8\" maxlength=\"100\"><\/textarea><\/label><input type=\"hidden\" id=\"ak_js_1\" name=\"_wpcf7_ak_js\" value=\"97\"\/><script>document.getElementById( \"ak_js_1\" ).setAttribute( \"value\", ( new Date() ).getTime() );<\/script><\/p><div class=\"wpcf7-response-output\" aria-hidden=\"true\"><\/div>\n<\/form>\n<\/div>\n<\/div><\/div><div class='clear_column'><\/div>\n","protected":false},"excerpt":{"rendered":"","protected":false},"author":1,"featured_media":0,"parent":0,"menu_order":5,"comment_status":"closed","ping_status":"closed","template":"","meta":[],"aioseo_notices":[],"_links":{"self":[{"href":"http:\/\/apuroconta.pt\/index.php?rest_route=\/wp\/v2\/pages\/288"}],"collection":[{"href":"http:\/\/apuroconta.pt\/index.php?rest_route=\/wp\/v2\/pages"}],"about":[{"href":"http:\/\/apuroconta.pt\/index.php?rest_route=\/wp\/v2\/types\/page"}],"author":[{"embeddable":true,"href":"http:\/\/apuroconta.pt\/index.php?rest_route=\/wp\/v2\/users\/1"}],"replies":[{"embeddable":true,"href":"http:\/\/apuroconta.pt\/index.php?rest_route=%2Fwp%2Fv2%2Fcomments&post=288"}],"version-history":[{"count":19,"href":"http:\/\/apuroconta.pt\/index.php?rest_route=\/wp\/v2\/pages\/288\/revisions"}],"predecessor-version":[{"id":345,"href":"http:\/\/apuroconta.pt\/index.php?rest_route=\/wp\/v2\/pages\/288\/revisions\/345"}],"wp:attachment":[{"href":"http:\/\/apuroconta.pt\/index.php?rest_route=%2Fwp%2Fv2%2Fmedia&parent=288"}],"curies":[{"name":"wp","href":"https:\/\/api.w.org\/{rel}","templated":true}]}}